891680?
True
Is 19 a factor of 117517?
False
Does 7 divide 23597?
True
Is 1855 a factor of 8924405?
True
Is 315010 a multiple of 116?
False
Does 3 divide 65021?
False
Is 381886 a multiple of 2?
True
Is 281 a multiple of 2?
False
Does 45 divide 1610023?
False
Is 133 a factor of 1017317?
True
Is 1860465 a multiple of 25?
False
Does 88 divide 699776?
True
Is 23 a factor of 2038881?
True
Is 3184155 a multiple of 910?
False
Is 233 a factor of 9786?
True
Is 15 a factor of 89515?
False
Does 47 divide 83284?
True
Is 122265 a multiple of 39?
True
Is 5 a factor of 1272804?
False
Is 890 a factor of 11637345?
False
Does 388 divide 813636?
True
Is 380303 a multiple of 11?
True
Does 13 divide 2831387?
True
Does 136 divide 26792?
True
Does 54 divide 331159?
False
Does 591 divide 1695287?
False
Is 15 a factor of 33120?
True
Is 2 a factor of 383496?
True
Is 95327 a multiple of 8?
False
Is 19 a factor of 91037?
False
Does 25 divide 44041?
False
Is 170 a factor of 112710?
True
Does 86 divide 86841?
False
Is 6 a factor of 610770?
True
Is 4 a factor of 297232?
True
Is 19 a factor of 1870?
False
Is 311150 a multiple of 3?
False
Is 10 a factor of 44069?
False
Is 135 a factor of 192180?
False
Is 13 a factor of 4338025?
False
Does 5 divide 76125?
True
Does 226 divide 3231574?
True
Is 14825331 a multiple of 453?
True
Is 6 a factor of 3159588?
True
Does 22 divide 194072?
False
Is 272084 a multiple of 251?
True
Is 39 a factor of 145587?
True
Is 3 a factor of 1361115?
True
Is 239104 a multiple of 8?
True
Does 36 divide 461592?
True
Is 213 a factor of 2129787?
True
Does 143 divide 714285?
True
Is 14667796 a multiple of 10?
False
Is 769887 a multiple of 906?
False
Is 155 a multiple of 21?
False
Is 1928 a factor of 16457650?
False
Does 36 divide 52941?
False
Is 554064 a multiple of 48?
True
Is 202255 a multiple of 140?
False
Does 15 divide 10200?
True
Is 2474330 a multiple of 13?
False
Is 2128 a multiple of 2?
True
Does 126 divide 62466?
False
Does 21 divide 4977?
True
Does 32 divide 11288413?
False
Does 6 divide 27096?
True
Is 12414125 a multiple of 25?
True
Is 2260 a multiple of 7?
False
Is 241 a factor of 1908119?
False
Is 12756 a multiple of 12?
True
Is 595228 a multiple of 26?
False
Is 45 a factor of 5256855?
True
Is 132 a factor of 341133?
False
Does 390 divide 292109?
False
Does 16 divide 3776112?
True
Does 259 divide 366226?
True
Does 25 divide 10387364?
False
Does 36 divide 698616?
True
Is 36060 a multiple of 5?
True
Is 832680 a multiple of 36?
True
Does 167 divide 1082620?
False
Does 248 divide 1338503?
False
Is 8533316 a multiple of 189?
False
Is 5680 a multiple of 8?
True
Is 127 a factor of 386334?
True
Is 120490 a multiple of 10?
True
Is 1506958 a multiple of 802?
True
Is 470 a factor of 198340?
True
Is 7175103 a multiple of 656?
False
Is 361149 a multiple of 101?
False
Does 1757 divide 15348172?
False
Does 6 divide 42744?
True
Is 276262 a multiple of 113?
False
Is 180300 a multiple of 22?
False
Does 253 divide 156354?
True
Is 117 a multiple of 10?
False
Is 27204630 a multiple of 115?
True
Is 80 a factor of 11028?
False
Does 20 divide 191710?
False
Is 52 a factor of 825676?
False
Is 223 a factor of 1293351?
False
Does 8 divide 8671784?
True
Is 16 a factor of 552336?
True
Is 12775 a multiple of 182?
False
Is 2592050 a multiple of 94?
True
Does 108 divide 597233?
False
Is 64975 a multiple of 23?
True
Does 1140 divide 19750500?
True
Is 109 a factor of 916799?
True
Is 10 a factor of 597610?
True
Is 1563177 a multiple of 707?
True
Is 30 a factor of 39420?
True
Is 2064378 a multiple of 51?
True
Is 94 a factor of 267128?
False
Is 540785 a multiple of 7?
True
Is 98115 a multiple of 84?
False
Does 332 divide 623164?
True
Is 2214697 a multiple of 40?
False
Does 157 divide 701005?
True
Is 203 a factor of 31147?
False
Does 142 divide 2687492?
True
Is 135308 a multiple of 198?
False
Is 4159021 a multiple of 27?
False
Does 6 divide 127890?
True
Is 1613242 a multiple of 611?
False
Is 127 a factor of 1217750?
False
Is 140480 a multiple of 5?
True
Does 34 divide 13872?
True
Is 31 a factor of 5208?
True
Is 388815 a multiple of 7?
True
Is 201 a factor of 2705058?
True
Does 25 divide 10975?
True
Is 82 a factor of 53415?
False
Does 212 divide 1526188?
True
Is 26956570 a multiple of 355?
True
Is 3938267 a multiple of 419?
False
Does 931 divide 10995407?
False
Is 15 a factor of 2006955?
True
Does 98 divide 4995?
False
Does 76 divide 23972?
False
Is 35 a factor of 345660?
True
Does 14 divide 273682?
False
Does 150 divide 658962?
False
Does 118 divide 5910025?
False
Does 29 divide 561701?
True
Is 18 a factor of 222642?
True
Is 60270 a multiple of 294?
True
Is 384704 a multiple of 16?
True
Is 30 a factor of 58706?
False
Is 81763 a multiple of 11?
True
Does 8 divide 5213624?
True
Is 33288136 a multiple of 1078?
False
Is 1234980 a multiple of 8?
False
Is 4 a factor of 102136?
True
Is 3282650 a multiple of 175?
True
Does 2 divide 2590640?
True
Is 10 a factor of 213880?
True
Does 108 divide 3336012?
True
Does 1000 divide 10546893?
False
Is 7 a factor of 4718?
True
Is 125299 a multiple of 12?
False
Is 12 a factor of 3991971?
False
Is 341698 a multiple of 42?
False
Is 59 a factor of 25562362?
False
Does 31 divide 57395?
False
Is 7 a factor of 1077349?
True
Is 28 a factor of 111048?
True
Is 66 a factor of 48840?
True
Does 66 divide 2731410?
True
Does 14 divide 633590?
False
Is 1302650 a multiple of 25?
True
Is 90525 a multiple of 425?
True
Is 8 a factor of 958048?
True
Is 21762954 a multiple of 9?
True
Does 46 divide 295582?
False
Is 146300 a multiple of 140?
True
Is 27643140 a multiple of 126?
True
Is 19650552 a multiple of 888?
True
Is 2275507 a multiple of 387?
False
Does 15 divide 48945?
True
Does 49 divide 12156?
False
Is 1911455 a multiple of 9?
False
Is 389169 a multiple of 62?
False
Does 35 divide 2202187?
False
Is 1194050 a multiple of 22?
True
Is 231385 a multiple of 77?
True
Does 22 divide 4136?
True
Is 20 a factor of 631100?
True
Is 161 a factor of 6537436?
False
Does 156 divide 98436?
True
Does 73 divide 2463166?
True
Does 344 divide 5500208?
False
Is 221562 a multiple of 10?
False
Is 5 a factor of 691186?
False
Does 362 divide 10050220?
False
Is 368832 a multiple of 24?
True
Is 4 a factor of 21328?
True
Does 299 divide 930193?
False
Is 2148278 a multiple of 704?
False
Does 173 divide 2188853?
False
Is 3165534 a multiple of 549?
True
Is 202 a factor of 104232?
True
Is 98 a factor of 2321130?
True
Is 39 a factor of 20814?
False
Is 16 a factor of 2154356?
False
Is 21 a factor of 640227?
True
Is 24 a factor of 312446?
False
Is 3715100 a multiple of 10?
True
Does 82 divide 619182?
True
Does 41 divide 4632740?
False
Is 18 a factor of 57126?
False
Is 25 a factor of 552469?
False
Is 17 a factor of 139194?
False
Is 201353 a multiple of 208?
False
Does 9 divide 624874?
False
Does 435 divide 1917915?
True
Is 102192 a multiple of 48?
True
Is 51320 a multiple of 31?
False
Does 170 divide 90780?
True
Is 34 a factor of 4307766?
True
Is 151415 a multiple of 3?
False
Is 18492 a multiple of 6?
True
Does 166 divide 139606?
True
Is 44 a factor of 194656?
True
Is 262920 a multiple of 280?
True
Is 1064162 a multiple of 48?
False
Is 6702139 a multiple of 705?
False
Does 26 divide 53872?
True
Does 1033 divide 2372876?
False
Is 390228 a multiple of 11?
False
Is 129300 a multiple of 30?
True
Is 31 a factor of 832376?
False
Is 6561263 a multiple of 101?
True
Does 350 divide 17439?
False
Is 6 a factor of 8586?
True
Does 306 divide 1027242?
True
Is 232474 a multiple of 26?
False
Is 107555 a multiple of 74?
False
Does 61 divide 186592?
False
Is 112392 a multiple of 168?
True
Is 533200 a multiple of 50?
True
Is 153066 a multiple of 582?
True
Is 3402762 a multiple of 86?
True
Is 9 a factor of 728055?
True
Is 3628401 a multiple of 5?
False
Is 46217 a multiple of 37?
False
Is 71 a factor of 854130?
True
Does 82 divide 4643119?
False
Is 12 a factor of 125368?
False
Is 8 a factor of 1496784?
True
Is 61 a factor of 13542?
True
Is 31 a factor of 531617?
False
Is 65 a factor of 1096355?
True
Is 210 a factor of 474987?
False
Does 105 divide 1154580?
True
Is 4437 a multiple of 13?
False
Is 453 a factor of 4266354?
True
Is 19 a factor of 54672?
False
Does 3 divide 421649?
False
Is 50490 a multiple of 170?
True
Does 1